 the prime factors of 4978241083.
307, 16215769
List the prime factors of 106544516.
2, 13, 2048933
List the prime factors of 214148265.
3, 5, 139, 271, 379
List the prime factors of 3352640511.
3, 11, 101595167
What are the prime factors of 388306628?
2, 97076657
List the prime factors of 498293128.
2, 631, 98711
What are the prime factors of 1997801474?
2, 19, 29, 331, 5477
What are the prime factors of 546712044?
2, 3, 17, 487, 5503
What are the prime factors of 7537102780?
2, 5, 19, 43, 101, 4567
What are the prime factors of 144779074?
2, 11, 1669, 3943
What are the prime factors of 341014170?
2, 3, 5, 7, 97, 16741
What are the prime factors of 32399596?
2, 109, 74311
List the prime factors of 477020640.
2, 3, 5, 993793
List the prime factors of 10510944.
2, 3, 103, 1063
List the prime factors of 554007136.
2, 167, 103669
List the prime factors of 80619519.
3, 53, 271, 1871
What are the prime factors of 37927618?
2, 18963809
What are the prime factors of 1560463739?
149, 3019, 3469
What are the prime factors of 213512297?
29, 41, 179573
List the prime factors of 37109549.
83, 131, 3413
List the prime factors of 43179771.
3, 937, 15361
List the prime factors of 4418933089.
59, 103, 727157
What are the prime factors of 26066180?
2, 5, 7, 186187
List the prime factors of 26394531.
3, 829, 10613
List the prime factors of 168765422.
2, 7, 3389, 3557
List the prime factors of 11410066.
2, 5705033
What are the prime factors of 1141477696?
2, 17835589
What are the prime factors of 106110543?
3, 7, 11, 459353
List the prime factors of 623471078.
2, 4663, 66853
What are the prime factors of 206295970?
2, 5, 23, 137, 6547
List the prime factors of 1147433778.
2, 3, 29, 1237, 1777
List the prime factors of 359481855.
3, 5, 1787, 13411
What are the prime factors of 416147044?
2, 19, 229, 23911
List the prime factors of 264669679.
1889, 140111
List the prime factors of 6837290.
2, 5, 593, 1153
List the prime factors of 280378042.
2, 7, 17, 1178059
List the prime factors of 3679492715.
5, 735898543
List the prime factors of 42489977.
43, 61, 97, 167
List the prime factors of 9618041.
9618041
What are the prime factors of 58083983?
73, 347, 2293
What are the prime factors of 783889017?
3, 4973, 52543
What are the prime factors of 6756911593?
6756911593
What are the prime factors of 17508763?
41, 427043
List the prime factors of 9233970431.
7, 41, 1087, 29599
What are the prime factors of 6191489611?
89, 69567299
What are the prime factors of 1812389184?
2, 3, 47, 66947
List the prime factors of 17746306.
2, 101, 87853
What are the prime factors of 2171784273?
3, 43, 241, 69857
List the prime factors of 60481862.
2, 7, 1847, 2339
What are the prime factors of 98983765?
5, 19796753
List the prime factors of 12180118.
2, 131, 46489
What are the prime factors of 2935710567?
3, 347, 313343
What are the prime factors of 249654931?
67, 79, 101, 467
What are the prime factors of 302043643?
11, 27458513
List the prime factors of 1219476.
2, 3, 151, 673
What are the prime factors of 1360015812?
2, 3, 887, 14197
What are the prime factors of 1112625915?
3, 5, 199, 372739
What are the prime factors of 218990337?
3, 23, 163, 19471
List the prime factors of 152309567.
19, 8016293
List the prime factors of 4202215849.
13, 323247373
List the prime factors of 486583173.
3, 18021599
What are the prime factors of 494133658?
2, 223, 1107923
What are the prime factors of 42645606?
2, 3, 347, 20483
What are the prime factors of 57536326?
2, 97, 296579
What are the prime factors of 215782865?
5, 4877, 8849
What are the prime factors of 82749780?
2, 3, 5, 269, 1709
What are the prime factors of 38115640?
2, 5, 71, 13421
What are the prime factors of 391262298?
2, 3, 7, 9315769
List the prime factors of 1199655553.
1199655553
List the prime factors of 751087945.
5, 150217589
List the prime factors of 295007128.
2, 13, 2836607
What are the prime factors of 2940944716?
2, 17, 19, 149, 15277
What are the prime factors of 1344205347?
3, 257, 1743457
List the prime factors of 1288533040.
2, 5, 1373, 11731
What are the prime factors of 575387730?
2, 3, 5, 43, 157, 947
List the prime factors of 180744554.
2, 90372277
List the prime factors of 917428174.
2, 13, 35285699
List the prime factors of 134585234.
2, 7, 9613231
What are the prime factors of 612759351?
3, 47, 4345811
List the prime factors of 3186300496.
2, 73, 2727997
List the prime factors of 241735707.
3, 787, 34129
What are the prime factors of 21108436?
2, 5277109
What are the prime factors of 35249486?
2, 17624743
List the prime factors of 3277950308.
2, 1657, 494561
What are the prime factors of 8052875?
5, 23, 2801
List the prime factors of 548362356.
2, 3, 337, 135599
What are the prime factors of 839907321?
3, 11, 17, 1497161
What are the prime factors of 1572095452?
2, 29, 13552547
List the prime factors of 273689605.
5, 7, 7819703
What are the prime factors of 413634881?
11, 233, 161387
What are the prime factors of 234130040?
2, 5, 967, 6053
List the prime factors of 22546858.
2, 31, 363659
What are the prime factors of 605169394?
2, 2777, 108961
List the prime factors of 177536174.
2, 6869, 12923
What are the prime factors of 124883285?
5, 24976657
What are the prime factors of 797431329?
3, 599, 147919
List the prime factors of 45591174.
2, 3, 93809
What are the prime factors of 2130040664?
2, 266255083
List the prime factors of 4258388530.
2, 5, 11, 38712623
List the prime factors of 127585839.
3, 2467, 17239
List the prime factors of 9351877408.
2, 1361, 214729
What are the prime factors of 73574468?
2, 11, 1123, 1489
What are the prime factors of 1313314230?
2, 3, 5, 43777141
List the prime factors of 196308530.
2, 5, 11, 197, 9059
What are the prime factors of 7006185?
3, 5, 155693
What are the prime factors of 198799725?
3, 5, 2650663
List the prime factors of 1400573520.
2, 3, 5, 1367, 1423
List the prime factors of 1730908286.
2, 23, 1129, 33329
List the prime factors of 730951659.
3, 81216851
What are the prime factors of 165209361?
3, 55069787
What are the prime factors of 1941867703?
1941867703
List the prime factors of 69947290.
2, 5, 7, 383, 2609
What are the prime factors of 2633247598?
2, 23, 37, 691, 2239
List the prime factors of 1728476011.
151, 2861, 4001
What are the prime factors of 366995090?
2, 5, 7, 11, 73, 6529
List the prime factors of 42927018.
2, 3, 29, 246707
List the prime factors of 1594441937.
11, 144949267
What are the prime factors of 1785648526?
2, 7219, 123677
List the prime factors of 178548046.
2, 89274023
What are the prime factors of 19065027?
3, 37, 171757
What are the prime factors of 1932457112?
2, 241557139
List the prime factors of 2330722.
2, 1165361
What are the prime factors of 261016298?
2, 29, 4500281
What are the prime factors of 21576144?
2, 3, 67, 6709
List the prime factors of 318488163.
3, 7, 3541, 4283
List the prime factors of 128905859.
379, 340121
List the prime factors of 3085152282.
2, 3, 17, 1181, 8537
What are the prime factors of 105669410?
2, 5, 7, 11, 37, 3709
List the prime factors of 284406430.
2, 5, 7, 11, 17, 21727
List the prime factors of 6584397.
3, 113, 19423
What are the prime factors of 102860469?
3, 71, 53657
What are the prime factors of 2429465420?
2, 5, 59, 2058869
List the prime factors of 279892250.
2, 5, 11, 17, 5987
What are the prime factors of 877601622?
2, 3, 877, 166781
List the prime factors of 1670957405.
5, 13, 97, 265021
What are the prime factors of 235217527?
23, 10226849
What are the prime factors of 296766720?
2, 3, 5, 31, 277
List the prime factors of 26955205.
5, 19, 47, 6037
What are the prime factors of 27008827?
619, 43633
What are the prime factors of 922335490?
2, 5, 587, 157127
List the prime factors of 33096657.
3, 11, 1002929
List the prime factors of 31521876.
2, 3, 17, 191, 809
List the prime factors of 223618606.
2, 2477, 45139
List the prime factors of 81752815.
5, 107, 152809
What are the prime factors of 3746049194?
2, 67, 239, 116969
List the prime factors of 1747011397.
6763, 258319
List the prime factors of 219872920.
2, 5, 5496823
What are the prime factors of 22282852?
2, 17, 327689
List the prime factors of 469096371.
3, 31, 1681349
List the prime factors of 147764445.
3, 5, 31, 317773
What are